ppose -3*x - 68 = -2*i + 55, 5*i - 301 = x. Suppose 0 = -8*k + 166 + 50. Let c be k + (-3)/2*(1 + 1). Calculate the highest common divisor of c and i.
12
Suppose 13*w - 657 = 4*w. Suppose -80 = -4*x + k, 0*x = 3*x - 4*k - w. Let g = 7 - -31. What is the highest common factor of g and x?
19
Suppose q - j = -122, -7*j - 660 = 5*q - 2*j. Let v = 135 + q. Suppose -2*y - 2*y + 52 = 4*o, 3*y = 5*o + 63. Calculate the highest common factor of y and v.
8
Suppose -118087 - 90443 = -14*o. Calculate the highest common divisor of o and 90.
45
Let k be (-2 - (-1872)/8)/(12/18). What is the greatest common divisor of k and 1276?
116
Let o be -885*(-14 + (-5 - -4)*-5). What is the greatest common factor of o and 540?
135
Let i(a) be the second derivative of -5*a**3/6 - 14*a**2 + 2*a. Let f be (-2 - 5)*(-12)/(-14). Let m be i(f). Calculate the highest common factor of 18 and m.
2
Let z = 129 + -126. Let m be (-22)/z*(-270)/495. Calculate the highest common factor of m and 8.
4
Let w(r) = 2*r**3 - 24*r**2 + 108*r - 24. Let o be w(18). Calculate the highest common factor of 48 and o.
48
Let h = -4232 + 4797. What is the highest common divisor of 791 and h?
113
Let p = -234 + 426. Suppose 4*d - 3*n - p = n, -3*d - n = -160. Let q be 475/6 - 70/60. Calculate the highest common divisor of d and q.
26
Let t = -4601 - -4959. Calculate the highest common divisor of t and 3043.
179
Let p = 19711 + -19393. What is the greatest common divisor of p and 16377?
159
Suppose -2*l + 603 = 5*w + 190, 0 = l - 2*w - 175. What is the greatest common factor of 4011 and l?
21
Let l = -26 + 44. Suppose -4*k - 61 = -5*s, -132*s + 129*s + k = -31. What is the highest common factor of s and l?
9
Let k = -505 + 925. Suppose -13*t - 30 = -k. Suppose 0 = -94*g + 93*g + t. What is the greatest common divisor of g and 6?
6
Suppose -5*g = 15, 3*w + 79 = 5*g + 115. Suppose w*z = 9*z - 90. What is the greatest common factor of 144 and z?
9
Let t = 12 + -8. Suppose -t*o = 3*y - 51, -3*o - 4*y + 14 = -33. Calculate the highest common factor of 207 and o.
9
Let w(k) = -36 + 3*k**2 + 5 + 11*k + 13. Let d(b) = -b**2 + b - 1. Let p(x) = -4*d(x) - w(x). Let y be p(15). Calculate the greatest common divisor of y and 22.
22
Let q = 1001 - 929. Let t be 0/(1/((-4)/8)). Suppose t*r - 48 = -r. What is the highest common divisor of r and q?
24
Suppose -20 = 4*k, -1 = 2*g - g + 5*k. Let q = 16352 - 16168. Calculate the greatest common factor of q and g.
8
Let u(m) = m**2. Let z(y) = 7*y**2 + 23*y - 395. Let o(n) = 6*u(n) - z(n). Let a be o(11). What is the highest common factor of a and 5?
1
Let i be 8/24*21 + -7 + 1 + 2874. Calculate the highest common factor of 50 and i.
25
Let x = -27 - 33. Let s be (46/(-115))/(2/x). Calculate the greatest common divisor of 276 and s.
12
Suppose -4*u + 5*b = -7229, u + b - 1613 = 183. What is the greatest common divisor of 1 and u?
1
Suppose 3*x - 8*x + 990 = 0. Let j = -147 + x. What is the highest common factor of 3 and j?
3
Let r = 53 + -29. Suppose 37*s + 416 - 120 = 0. Let k be (-11)/(264/9)*s. Calculate the greatest common divisor of r and k.
3
Let n = -1462 - -1482. What is the highest common factor of n and 485?
5
Suppose 31*d - 814 = -43*d. Let p = 12 + -4. Suppose -17 = -2*f - 3*m, -3*f - m = -p*f. What is the greatest common divisor of d and f?
1
Let d be 33/(56/48*27/(-84)). Let v be (-2)/3 + 9 + d/(-6). What is the greatest common divisor of v and 851?
23
Let n(z) = -z**3 - 13*z**2 + 3*z - 23. Let o be n(-14). Let y = o - 116. What is the highest common factor of 150 and y?
15
Let u be ((-1)/(-10))/((-8)/20) - 98463/(-12). Calculate the highest common divisor of 15 and u.
15
Suppose 4*b = -3*w + 309, -96 = -w - 14*b + 15*b. Suppose 4*q = p - 151 + 505, q + 5*p - w = 0. Calculate the greatest common divisor of q and 445.
89
Let a(h) = 197*h + 1027. Let x be a(-5). Calculate the greatest common divisor of 5992 and x.
14
Let x = -5494 - -8518. What is the highest common factor of x and 567?
189
Suppose 3*p + 25*t - 101 = 20*t, 3*t = -6. Suppose -5*r - 2*w = -16, p*r - 41*r = 3*w - 10. What is the greatest common divisor of 284 and r?
4
Suppose 3933 = 21*u + 33*u - 8001. What is the highest common divisor of u and 1037?
17
Let q = 563 + -555. Let z(i) = i**3 - i**2 - 14*i - 12. Let w be z(q). Calculate the highest common divisor of 45 and w.
9
Suppose -3 + 759 = -2*p. Let m = p - -588. What is the highest common factor of m and 30?
30
Suppose 4*o - 4*j = 7336, -919*o - 5*j + 7363 = -915*o. What is the highest common divisor of o and 501?
167
Let g(m) = -36*m**2 + 323*m - 194. Let i be g(8). What is the highest common divisor of 2881 and i?
43
Suppose 3*b + 869 = 2*y, -y = 5*b + 2639 - 3028. What is the highest common factor of 1219 and y?
53
Let q(v) = v**2 - 26*v + 22. Let r(u) = -u - 1. Let s(n) = q(n) - 2*r(n). Let l be s(29). Calculate the greatest common factor of 13 and l.
13
Suppose 3*l = -l + 352. Suppose b + 62 = -4*d, 4*b = d + 4*d + l. Let y = -2 - d. What is the highest common factor of y and 98?
14
Suppose -18*u + 59271 - 10761 = 0. What is the highest common factor of u and 55?
55
Let v = 223 - 213. Suppose 0 = v*z - 626 - 814. What is the highest common factor of 9 and z?
9
Let n(b) = -156*b - 5218. Let t be n(-41). Calculate the highest common factor of 310 and t.
62
Suppose -288*j + 24646 = 8518. What is the greatest common divisor of 2832 and j?
8
Let i be -2*(6/(-4) + 0). Suppose 268*l - 172 = 900. Suppose i*c - 5*r - 123 = 0, l*c + r - 135 = -2*r. Calculate the highest common factor of 54 and c.
18
Let l be 1/((-1)/(-18)*-2). Let m(a) = a**3 + 9*a**2 - 4*a - 8. Let v be m(l). Let t = -169 - -183. What is the highest common divisor of t and v?
14
Let v be -2*(-2)/(-4)*-1. Let r be 221/7 - 15/(-35). Suppose 21 = 5*y + 5*q - 9, 0 = -5*y - 4*q + r. What is the greatest common divisor of y and v?
1
Let l = 554 - 314. Let n be (10/(-4))/((-8)/48) - 3. What is the highest common divisor of n and l?
12
Let x = -2654 + 2684. Let j be (-1 - (-202)/(-8))*-4. Calculate the greatest common divisor of j and x.
15
Suppose -99 = 7*v - 901 - 458. What is the greatest common divisor of v and 576?
36
Let i be 5*-1*(-30 - 7/1). What is the greatest common factor of i and 296?
37
Let r be ((-753372)/187)/(-18) + 4/22. Suppose -u = -4, 2*b - 148 = 2*u - 7*u. What is the highest common factor of b and r?
32
Let l(q) = 12 + q + 3*q + 6 - 3. Let b(o) = -13*o - 46. Let t(n) = 3*b(n) + 8*l(n). Let y be t(-6). Calculate the highest common divisor of y and 40.
8
Suppose 0 = -g + 4*h - 3, 8*g - 9*g - 3*h + 25 = 0. What is the highest common divisor of 11 and g?
1
Let l be ((-1795)/(-20) - 6) + 1/4. Suppose 2*n + l = 16*n. Suppose -y + n*y - 35 = 0. What is the greatest common divisor of 7 and y?
7
Let y(k) = 3*k**3 - 243*k**2 + 8*k + 62. Let z be y(81). What is the greatest common factor of 10 and z?
10
Let q(p) = -2*p**3 + 19*p**2 - 4*p + 12. Let s be q(9). Suppose -3*v + 3*a = -s, 3 = v + 3*a - 4. What is the highest common factor of 4 and v?
4
Suppose 3153 + 41787 = 95*x - 9400. What is the highest common divisor of x and 220?
44
Suppose 635 = 18*c + 3407. Let a = c - -172. What is the greatest common divisor of a and 126?
18
Suppose 0 = -557*z + 319164 + 42886. Calculate the greatest common factor of 17225 and z.
325
Suppose 20*p = 1564 + 1186 + 3670. What is the greatest common divisor of p and 1070?
107
Let c(x) = x**2 - 35*x - 93. Let j be c(38). Suppose 3*g + 2*g = -5*k + 220, 5*k - 94 = -2*g. What is the highest common factor of j and g?
21
Let o be 0/(10/(7 - 2)). Suppose -2*x + 4*f - 30 = -62, x - 5*f - 1 = o. Calculate the greatest common divisor of x and 10.
2
Let n = -18 - 101. Let t = n - -128. Let r(f) = -10*f + 2. Let v be r(-7). What is the highest common divisor of t and v?
9
Let z be (1/(-4))/((-155)/3720). Calculate the highest common divisor of 1402 and z.
2
Let k(i) = -26 + 4*i**3 - i**2 + 51 - 26. Let w be k(2). What is the greatest common divisor of 108 and w?
27
Suppose -134*u + 3*k = -130*u - 205, 2*k = -3*u + 175. Let r = -107 + 217. Calculate the highest common factor of u and r.
55
Let r be (-11 + (-115)/20)/(-2*(-4)/(-32)). Calculate the highest common divisor of r and 201.
67
Let p = 5667 + -4256. Calculate the greatest common divisor